What is the greatest common factor of 6802 and 5728?
358
Calculate the greatest common factor of 65 and 65.
65
Calculate the highest common factor of 512 and 192.
64
What is the greatest common factor of 29 and 1?
1
Calculate the highest common divisor of 22 and 3971.
11
Calculate the highest common factor of 896 and 8.
8
Calculate the greatest common divisor of 372 and 7719.
93
Calculate the highest common factor of 93 and 7595.
31
What is the greatest common factor of 36 and 2424?
12
What is the highest common divisor of 16 and 400?
16
What is the greatest common factor of 11 and 1243?
11
Calculate the greatest common divisor of 1771 and 55.
11
Calculate the highest common divisor of 704 and 11.
11
Calculate the highest common divisor of 33 and 143.
11
Calculate the greatest common divisor of 3340 and 380.
20
What is the highest common divisor of 6 and 150?
6
What is the greatest common factor of 484 and 44?
44
What is the greatest common divisor of 192 and 36?
12
Calculate the greatest common divisor of 10 and 1280.
10
Calculate the greatest common divisor of 54 and 2106.
54
What is the greatest common divisor of 234 and 18?
18
What is the highest common divisor of 3620 and 40?
20
Calculate the highest common factor of 10441 and 591.
197
Calculate the highest common factor of 490 and 610.
10
Calculate the greatest common factor of 23 and 17411.
23
Calculate the highest common factor of 1145 and 2519.
229
Calculate the highest common divisor of 8446 and 82.
82
Calculate the greatest common divisor of 901 and 53.
53
What is the greatest common factor of 49 and 1372?
49
Calculate the greatest common factor of 90 and 3420.
90
Calculate the greatest common factor of 5 and 95.
5
What is the greatest common factor of 1127 and 115?
23
What is the greatest common divisor of 39 and 465?
3
What is the greatest common divisor of 16 and 256?
16
Calculate the highest common divisor of 121 and 88.
11
Calculate the greatest common divisor of 1408 and 264.
88
What is the highest common divisor of 121 and 451?
11
Calculate the highest common divisor of 4311 and 9.
9
What is the highest common divisor of 1624 and 168?
56
Calculate the greatest common divisor of 13058 and 4.
2
Calculate the highest common factor of 98 and 952.
14
What is the highest common divisor of 92528 and 16?
16
What is the greatest common factor of 539 and 2002?
77
What is the greatest common factor of 400 and 32?
16
What is the highest common factor of 18 and 15111?
9
What is the highest common factor of 30980 and 40?
20
What is the greatest common factor of 126 and 1314?
18
What is the highest common factor of 25 and 4550?
25
Calculate the highest common divisor of 120 and 5720.
40
Calculate the highest common factor of 23256 and 76.
76
What is the greatest common divisor of 4202 and 110?
22
Calculate the greatest common divisor of 410 and 20.
10
Calculate the highest common factor of 7 and 25.
1
Calculate the greatest common divisor of 226 and 38420.
226
Calculate the greatest common divisor of 13 and 27729.
13
What is the greatest common factor of 3488 and 160?
32
Calculate the highest common factor of 71 and 1349.
71
Calculate the highest common divisor of 24521 and 217.
217
What is the highest common factor of 34 and 187?
17
Calculate the highest common factor of 182 and 273.
91
What is the greatest common factor of 1651 and 377?
13
Calculate the highest common factor of 371 and 1007.
53
Calculate the greatest common divisor of 48 and 54.
6
What is the greatest common factor of 42 and 4?
2
Calculate the highest common divisor of 6 and 141.
3
What is the highest common divisor of 275 and 110?
55
What is the highest common factor of 535 and 321?
107
Calculate the highest common divisor of 8 and 32.
8
Calculate the greatest common divisor of 268 and 2211.
67
What is the highest common factor of 254 and 41275?
127
Calculate the greatest common factor of 91 and 1703.
13
What is the highest common divisor of 3443 and 44?
11
Calculate the highest common factor of 7199 and 23.
23
Calculate the highest common factor of 295 and 15.
5
What is the greatest common factor of 265 and 477?
53
What is the greatest common divisor of 864 and 232?
8
Calculate the greatest common factor of 101 and 14039.
101
Calculate the highest common factor of 117 and 14625.
117
Calculate the greatest common divisor of 7260 and 132.
132
What is the highest common factor of 18 and 339?
3
What is the greatest common factor of 123 and 41?
41
Calculate the highest common factor of 6 and 1146.
6
What is the highest common factor of 8 and 104?
8
What is the greatest common factor of 486 and 126?
18
Calculate the highest common factor of 2763 and 5219.
307
What is the greatest common factor of 73 and 2555?
73
Calculate the greatest common divisor of 1841 and 14.
7
What is the highest common factor of 2507 and 436?
109
Calculate the highest common factor of 28 and 7.
7
What is the highest common factor of 992 and 31?
31
What is the highest common factor of 3975 and 900?
75
Calculate the highest common factor of 15125 and 242.
121
What is the greatest common divisor of 2 and 1?
1
What is the highest common factor of 122 and 2?
2
Calculate the highest common divisor of 20 and 1130.
10
Calculate the greatest common factor of 57 and 19.
19
What is the highest common factor of 1638 and 72?
18
What is the highest common factor of 22 and 1298?
22
What is the highest common divisor of 135 and 23310?
45
Calculate the highest common divisor of 15 and 50145.
15
What is the greatest common factor of 14 and 1694?
14
Calculate the highest common divisor of 1 and 121.
1
What is the highest common divisor of 1 and 562?
1
What is the greatest common divisor of 172 and 4?
4
Calculate the highest common factor of 60 and 740.
20
What is the highest common divisor of 79 and 316?
79
Calculate the greatest common divisor of 100 and 6450.
50
Calculate the highest common factor of 1212 and 1313.
101
Calculate the highest common factor of 73 and 14454.
73
What is the greatest common divisor of 1501 and 19?
19
Calculate the greatest common factor of 65 and 130.
65
What is the highest common factor of 14 and 259?
7
What is the highest common divisor of 583 and 209?
11
What is the greatest common factor of 3410 and 770?
110
Calculate the highest common factor of 3540 and 300.
60
Calculate the highest common factor of 279 and 62.
31
Calculate the greatest common factor of 30 and 54.
6
Calculate the greatest common factor of 462 and 126.
42
Calculate the highest common factor of 42 and 28077.
21
Calculate the highest common factor of 210 and 435.
15
What is the greatest common divisor of 224 and 1960?
56
What is the highest common factor of 330 and 33?
33
What is the greatest common divisor of 1152 and 132?
12
What is the highest common divisor of 12954 and 102?
102
What is the highest common factor of 96 and 2232?
24
What is the greatest common divisor of 1020 and 1740?
60
Calculate the greatest common factor of 2622 and 48.
6
Calculate the highest common divisor of 7 and 61.
1
Calculate the greatest common factor of 3796 and 52.
52
What is the greatest common divisor of 288 and 9888?
96
What is the greatest common divisor of 2501 and 2135?
61
What is the highest common divisor of 7 and 14?
7
What is the greatest common factor of 675 and 135?
135
What is the greatest common factor of 11 and 36641?
11
Calculate the greatest common divisor of 124 and 2.
2
What is the highest common divisor of 315 and 84?
21
Calculate the greatest common factor of 40 and 3555.
5
What is the highest common factor of 228 and 96?
12
What is the greatest common divisor of 55 and 180?
5
What is the greatest common factor of 505 and 202?
101
What is the highest common divisor of 2619 and 63?
9
What is the highest common factor of 1269 and 72?
9
Calculate the greatest common divisor of 40 and 270.
10
Calculate the greatest common factor of 140 and 20.
20
Calculate the highest common divisor of 230 and 5.
5
What is the greatest common factor of 201 and 15?
3
Calculate the greatest common factor of 110 and 320.
10
Calculate the highest common factor of 474 and 6.
6
Calculate the greatest common divisor of 80 and 4880.
80
Calculate the greatest common factor of 25 and 5125.
25
